{"id":3394,"date":"2022-03-13T23:00:14","date_gmt":"2022-03-13T22:00:14","guid":{"rendered":"http:\/\/www.brunobazinet.fr\/wordpress\/?post_type=product&#038;p=3394"},"modified":"2022-03-22T18:15:35","modified_gmt":"2022-03-22T17:15:35","slug":"carte-jespere-a5","status":"publish","type":"product","link":"http:\/\/www.brunobazinet.fr\/wordpress\/produit\/carte-jespere-a5\/","title":{"rendered":"Illustration \u00ab\u00a0J&rsquo;esp\u00e8re\u00a0\u00bb (a5)"},"content":{"rendered":"<p>Illustration originale r\u00e9alis\u00e9e par Elma (Denadda) inspir\u00e9e par la chanson \u00ab\u00a0J&rsquo;esp\u00e8re\u00a0\u00bb de Bruno Bazinet, inclue dans l&rsquo;album \u00ab\u00a0Passeurs d&rsquo;Amour\u00a0\u00bb.<\/p>\n<p><em>J&rsquo;avais envie de transmettre une \u00e9nergie \u00ab\u00a0feel good\u00a0\u00bb au-del\u00e0 de la musique, gr\u00e2ce \u00e0 Elma, cela a \u00e9t\u00e9 possible. La libert\u00e9 est et a toujours \u00e9t\u00e9 essentielle dans ma vie, d&rsquo;o\u00f9 cette phrase extraite de la chanson. <\/em>Bruno Bazinet<\/p>\n<p>Carte A5 210 x 148 mm<\/p>\n<p>Impression sup\u00e9rieure mat 360g.<\/p>\n<p>Tirage limit\u00e9.<\/p>\n<p>https:\/\/www.denadda.com\/<\/p>\n","protected":false},"excerpt":{"rendered":"<p>Illustration originale r\u00e9alis\u00e9e par Elma (Denadda) inspir\u00e9e par la chanson \u00ab\u00a0J&rsquo;esp\u00e8re\u00a0\u00bb de Bruno Bazinet, inclue dans l&rsquo;album \u00ab\u00a0Passeurs d&rsquo;Amour\u00a0\u00bb. J&rsquo;avais envie de transmettre une \u00e9nergie \u00ab\u00a0feel good\u00a0\u00bb au-del\u00e0 de la musique, gr\u00e2ce \u00e0 Elma, cela a \u00e9t\u00e9 possible. La libert\u00e9 est et a toujours \u00e9t\u00e9 essentielle dans ma vie, d&rsquo;o\u00f9 cette phrase extraite de la [&hellip;]<\/p>\n","protected":false},"featured_media":3395,"comment_status":"open","ping_status":"closed","template":"","meta":{"jetpack_post_was_ever_published":false},"product_cat":[14],"product_tag":[12],"class_list":{"0":"post-3394","1":"product","2":"type-product","3":"status-publish","4":"has-post-thumbnail","6":"product_cat-merchandising","7":"product_tag-nouveaute","9":"first","10":"instock","11":"shipping-taxable","12":"purchasable","13":"product-type-simple"},"jetpack_sharing_enabled":true,"_links":{"self":[{"href":"http:\/\/www.brunobazinet.fr\/wordpress\/wp-json\/wp\/v2\/product\/3394","targetHints":{"allow":["GET"]}}],"collection":[{"href":"http:\/\/www.brunobazinet.fr\/wordpress\/wp-json\/wp\/v2\/product"}],"about":[{"href":"http:\/\/www.brunobazinet.fr\/wordpress\/wp-json\/wp\/v2\/types\/product"}],"replies":[{"embeddable":true,"href":"http:\/\/www.brunobazinet.fr\/wordpress\/wp-json\/wp\/v2\/comments?post=3394"}],"wp:featuredmedia":[{"embeddable":true,"href":"http:\/\/www.brunobazinet.fr\/wordpress\/wp-json\/wp\/v2\/media\/3395"}],"wp:attachment":[{"href":"http:\/\/www.brunobazinet.fr\/wordpress\/wp-json\/wp\/v2\/media?parent=3394"}],"wp:term":[{"taxonomy":"product_cat","embeddable":true,"href":"http:\/\/www.brunobazinet.fr\/wordpress\/wp-json\/wp\/v2\/product_cat?post=3394"},{"taxonomy":"product_tag","embeddable":true,"href":"http:\/\/www.brunobazinet.fr\/wordpress\/wp-json\/wp\/v2\/product_tag?post=3394"}],"curies":[{"name":"wp","href":"https:\/\/api.w.org\/{rel}","templated":true}]}}