{"id":1390,"date":"2019-04-10T17:24:03","date_gmt":"2019-04-10T15:24:03","guid":{"rendered":"http:\/\/www.brunobazinet.fr\/wordpress\/wp-content\/uploads\/2019\/04\/Bruno-Bazinet-FLF-28.III_.2019-46.jpg"},"modified":"2019-04-10T17:24:03","modified_gmt":"2019-04-10T15:24:03","slug":"bruno-bazinet-9","status":"inherit","type":"attachment","link":"http:\/\/www.brunobazinet.fr\/wordpress\/concert\/bruno-bazinet-9\/","title":{"rendered":"Bruno Bazinet"},"author":1,"featured_media":0,"comment_status":"open","ping_status":"closed","template":"","meta":{"jetpack_post_was_ever_published":false},"class_list":["post-1390","attachment","type-attachment","status-inherit","hentry"],"jetpack_sharing_enabled":true,"jetpack_shortlink":"https:\/\/wp.me\/a8osbB-mq","description":{"rendered":"<p class=\"attachment\"><a href=\"https:\/\/i0.wp.com\/www.brunobazinet.fr\/wordpress\/wp-content\/uploads\/2019\/04\/Bruno-Bazinet-FLF-28.III_.2019-46.jpg\"><img loading=\"lazy\" decoding=\"async\" width=\"200\" height=\"300\" src=\"https:\/\/i0.wp.com\/www.brunobazinet.fr\/wordpress\/wp-content\/uploads\/2019\/04\/Bruno-Bazinet-FLF-28.III_.2019-46.jpg?fit=200%2C300\" class=\"attachment-medium size-medium\" alt=\"\" srcset=\"https:\/\/i0.wp.com\/www.brunobazinet.fr\/wordpress\/wp-content\/uploads\/2019\/04\/Bruno-Bazinet-FLF-28.III_.2019-46.jpg?w=4016 4016w, https:\/\/i0.wp.com\/www.brunobazinet.fr\/wordpress\/wp-content\/uploads\/2019\/04\/Bruno-Bazinet-FLF-28.III_.2019-46.jpg?resize=200%2C300 200w, https:\/\/i0.wp.com\/www.brunobazinet.fr\/wordpress\/wp-content\/uploads\/2019\/04\/Bruno-Bazinet-FLF-28.III_.2019-46.jpg?resize=768%2C1150 768w, https:\/\/i0.wp.com\/www.brunobazinet.fr\/wordpress\/wp-content\/uploads\/2019\/04\/Bruno-Bazinet-FLF-28.III_.2019-46.jpg?resize=684%2C1024 684w, https:\/\/i0.wp.com\/www.brunobazinet.fr\/wordpress\/wp-content\/uploads\/2019\/04\/Bruno-Bazinet-FLF-28.III_.2019-46.jpg?w=1440 1440w, https:\/\/i0.wp.com\/www.brunobazinet.fr\/wordpress\/wp-content\/uploads\/2019\/04\/Bruno-Bazinet-FLF-28.III_.2019-46.jpg?w=2160 2160w\" sizes=\"auto, (max-width: 200px) 100vw, 200px\" itemprop=\"image\" data-attachment-id=\"1390\" data-permalink=\"http:\/\/www.brunobazinet.fr\/wordpress\/concert\/bruno-bazinet-9\/\" data-orig-file=\"https:\/\/i0.wp.com\/www.brunobazinet.fr\/wordpress\/wp-content\/uploads\/2019\/04\/Bruno-Bazinet-FLF-28.III_.2019-46.jpg?fit=4016%2C6016\" data-orig-size=\"4016,6016\" data-comments-opened=\"1\" data-image-meta=\"{&quot;aperture&quot;:&quot;2.8&quot;,&quot;credit&quot;:&quot;Thomas BADER&quot;,&quot;camera&quot;:&quot;NIKON D750&quot;,&quot;caption&quot;:&quot;&quot;,&quot;created_timestamp&quot;:&quot;1553810636&quot;,&quot;copyright&quot;:&quot;Thomas BADER&quot;,&quot;focal_length&quot;:&quot;50&quot;,&quot;iso&quot;:&quot;280&quot;,&quot;shutter_speed&quot;:&quot;0.01&quot;,&quot;title&quot;:&quot;Bruno Bazinet&quot;,&quot;orientation&quot;:&quot;0&quot;}\" data-image-title=\"Bruno Bazinet\" data-image-description=\"\" data-image-caption=\"\" data-medium-file=\"https:\/\/i0.wp.com\/www.brunobazinet.fr\/wordpress\/wp-content\/uploads\/2019\/04\/Bruno-Bazinet-FLF-28.III_.2019-46.jpg?fit=200%2C300\" data-large-file=\"https:\/\/i0.wp.com\/www.brunobazinet.fr\/wordpress\/wp-content\/uploads\/2019\/04\/Bruno-Bazinet-FLF-28.III_.2019-46.jpg?fit=684%2C1024\" \/><\/a><\/p>\n"},"caption":{"rendered":""},"alt_text":"","media_type":"image","mime_type":"image\/jpeg","media_details":{"width":4016,"height":6016,"file":"2019\/04\/Bruno-Bazinet-FLF-28.III_.2019-46.jpg","sizes":{"thumbnail":{"file":"Bruno-Bazinet-FLF-28.III_.2019-46-150x150.jpg","width":150,"height":150,"mime_type":"image\/jpeg","source_url":"https:\/\/i0.wp.com\/www.brunobazinet.fr\/wordpress\/wp-content\/uploads\/2019\/04\/Bruno-Bazinet-FLF-28.III_.2019-46.jpg?resize=150%2C150"},"medium":{"file":"Bruno-Bazinet-FLF-28.III_.2019-46-200x300.jpg","width":200,"height":300,"mime_type":"image\/jpeg","source_url":"https:\/\/i0.wp.com\/www.brunobazinet.fr\/wordpress\/wp-content\/uploads\/2019\/04\/Bruno-Bazinet-FLF-28.III_.2019-46.jpg?fit=200%2C300"},"medium_large":{"file":"Bruno-Bazinet-FLF-28.III_.2019-46-768x1150.jpg","width":768,"height":1150,"mime_type":"image\/jpeg","source_url":"https:\/\/i0.wp.com\/www.brunobazinet.fr\/wordpress\/wp-content\/uploads\/2019\/04\/Bruno-Bazinet-FLF-28.III_.2019-46.jpg?fit=720%2C1078"},"large":{"file":"Bruno-Bazinet-FLF-28.III_.2019-46-684x1024.jpg","width":684,"height":1024,"mime_type":"image\/jpeg","source_url":"https:\/\/i0.wp.com\/www.brunobazinet.fr\/wordpress\/wp-content\/uploads\/2019\/04\/Bruno-Bazinet-FLF-28.III_.2019-46.jpg?fit=684%2C1024"},"shop_thumbnail":{"file":"Bruno-Bazinet-FLF-28.III_.2019-46-380x380.jpg","width":380,"height":380,"mime_type":"image\/jpeg","source_url":"http:\/\/www.brunobazinet.fr\/wordpress\/wp-content\/uploads\/2019\/04\/Bruno-Bazinet-FLF-28.III_.2019-46-380x380.jpg"},"shop_catalog":{"file":"Bruno-Bazinet-FLF-28.III_.2019-46-400x400.jpg","width":400,"height":400,"mime_type":"image\/jpeg","source_url":"http:\/\/www.brunobazinet.fr\/wordpress\/wp-content\/uploads\/2019\/04\/Bruno-Bazinet-FLF-28.III_.2019-46-400x400.jpg"},"shop_single":{"file":"Bruno-Bazinet-FLF-28.III_.2019-46-600x600.jpg","width":600,"height":600,"mime_type":"image\/jpeg","source_url":"http:\/\/www.brunobazinet.fr\/wordpress\/wp-content\/uploads\/2019\/04\/Bruno-Bazinet-FLF-28.III_.2019-46-600x600.jpg"},"post-thumbnail":{"file":"Bruno-Bazinet-FLF-28.III_.2019-46-550x550.jpg","width":550,"height":550,"mime_type":"image\/jpeg","source_url":"https:\/\/i0.wp.com\/www.brunobazinet.fr\/wordpress\/wp-content\/uploads\/2019\/04\/Bruno-Bazinet-FLF-28.III_.2019-46.jpg?resize=550%2C550"},"full":{"file":"Bruno-Bazinet-FLF-28.III_.2019-46.jpg?fit=4016%2C6016","width":4016,"height":6016,"mime_type":"image\/jpeg","source_url":"https:\/\/i0.wp.com\/www.brunobazinet.fr\/wordpress\/wp-content\/uploads\/2019\/04\/Bruno-Bazinet-FLF-28.III_.2019-46.jpg?fit=4016%2C6016"}},"image_meta":{"aperture":"2.8","credit":"Thomas BADER","camera":"NIKON D750","caption":"","created_timestamp":"1553810636","copyright":"Thomas BADER","focal_length":"50","iso":"280","shutter_speed":"0.01","title":"Bruno Bazinet","orientation":"0","keywords":["28.III.2019","Bruno Bazinet","Forum L\u00e9o Ferr\u00e9","Ivry","Nathalie Roche","artist","concert","inside","musique","nuit","release party","soir\u00e9e"]}},"post":36,"source_url":"http:\/\/www.brunobazinet.fr\/wordpress\/wp-content\/uploads\/2019\/04\/Bruno-Bazinet-FLF-28.III_.2019-46.jpg","_links":{"self":[{"href":"http:\/\/www.brunobazinet.fr\/wordpress\/wp-json\/wp\/v2\/media\/1390","targetHints":{"allow":["GET"]}}],"collection":[{"href":"http:\/\/www.brunobazinet.fr\/wordpress\/wp-json\/wp\/v2\/media"}],"about":[{"href":"http:\/\/www.brunobazinet.fr\/wordpress\/wp-json\/wp\/v2\/types\/attachment"}],"author":[{"embeddable":true,"href":"http:\/\/www.brunobazinet.fr\/wordpress\/wp-json\/wp\/v2\/users\/1"}],"replies":[{"embeddable":true,"href":"http:\/\/www.brunobazinet.fr\/wordpress\/wp-json\/wp\/v2\/comments?post=1390"}]}}

Forum Léo Ferré

soirée
